termine d(12).
-16
Let l(c) = 2. Let y(f) = -15*f + 269. Let m(s) = -2*l(s) - y(s). Determine m(18).
-3
Let i be (-245)/49*((-2)/9 + (-11)/(-90)). Let x(z) be the first derivative of z - i*z**2 + 15. Calculate x(-6).
7
Suppose 2454*q - 2462*q = -48. Let n(w) = w**3 - 3*w**2 - 16*w + 9. Determine n(q).
21
Let u(p) = 11*p + 9. Let m be u(7). Suppose 0 = -43*o - 1299 - 2442. Let j = o + m. Let w(a) = 3*a**2 + a. Determine w(j).
2
Let v = 4717 - 4698. Let h(w) = -4*w + 26. What is h(v)?
-50
Let d(w) be the first derivative of -w**3/3 - 23*w**2/2 - 41*w - 4195. Determine d(-21).
1
Let l(n) = 6*n + n**2 - 940 + 315 + 309 + 311. Give l(-8).
11
Let r(b) be the first derivative of -2*b**2 - b + 249. Let p(x) = x + 2. Let f be p(5). What is r(f)?
-29
Let n be 2*7/((-28)/(-8)). Suppose -n*x - 11 = 3*i, -2*x = 3*x - i - 10. Let z(c) = -15. Let l(k) = -k + 3. Let g(f) = -15*l(f) - 3*z(f). Determine g(x).
15
Suppose -6*w + 7 = -5. Let y(o) = 415*o**2 + 415*o**2 - 831*o**2 - w. Determine y(-2).
-6
Suppose 0 = -2*c + 5*c + 3. Let b(o) be the first derivative of -20 + 7/2*o**2 + 0*o. Give b(c).
-7
Let u(h) be the second derivative of -h**4/4 - h**3/2 - h**2/2 + 1148*h + 2. Suppose -7 = a + b, -3*b + 6*b = a - 13. Calculate u(a).
-7
Suppose -4*c + 13 = -3*x, -35*c - 5*x - 10 = -30*c. Let i(v) = -2*v**2 + 12*v - 12. What is i(c)?
-2
Let g = 35 + -38. Let o be g/((-48)/4)*4. Let a(s) = 1 - s + 5 + o + 1. Give a(10).
-2
Let a be (0 + -2)*(4/2)/4. Let c(p) be the third derivative of p**4/24 - p**3/6 + p**2. Let w(g) = -g**2 - 8*g + 9. Let r(x) = a*w(x) - 2*c(x). What is r(-7)?
0
Let m(z) be the third derivative of z**4/12 + 10*z**3/3 + 469*z**2. Determine m(-4).
12
Let h(t) = t**3 + 5*t**2 - 2*t + 6. Let w(n) = -n**3 - 7*n**2 + 3*n - 8. Let r(y) = 4*h(y) + 3*w(y). Give r(0).
0
Let k(j) = 47 - 107*j**3 - 35*j - 11*j**2 + 29*j + 106*j**3. Calculate k(-10).
7
Let n = 48 + 53. Let i = n + -107. Let l(d) = -d**3 + 4*d**3 - 6 - 2*d**3 - d + 6*d**2. Give l(i).
0
Let g(w) = w + w + 4*w + 11 - 2*w. Let r be g(-4). Let z be (-342)/45 - 3/r. Let q(k) = k**3 + 7*k**2 + k + 1. Determine q(z).
-6
Suppose -y = -6*y - 25. Let w(g) = -g**3 - 3*g**2 + 302*g + 2. Let b(k) = -k**3 - 4*k**2 + 225*k + 1. Let o(i) = -4*b(i) + 3*w(i). Give o(y).
22
Let t be 13/(-286) - 13/(-286). Let h(y) = 23*y - 6. Calculate h(t).
-6
Let y = -2625 - -2673. Let p(d) = -d**2 - 5*d. Let l be p(5). Let k = y + l. Let i(w) = -w**3 - w**2 + 2*w. Determine i(k).
0
Let z(y) = -y**2 + 11*y - 15. Let b(k) = k**2 - 11*k + 15. Let u(l) = -5*b(l) - 6*z(l). Suppose -3*j = -31 + 1. Determine u(j).
5
Let s(a) = -a. Let u = 5 + -3. Let d(q) = q**3 + 4*q**2 - 4*q - 2. Let m(n) = u*s(n) + d(n). Suppose -2*l + 31 = -5*v, 16 + 24 = -5*v + 5*l. Determine m(v).
3
Let g(v) = v**3 + 6*v**2 + 4*v + 1. Let q be (-2)/8 - (-20)/80. Suppose 0 = -4*w + 3*p - 11 - 10, q = -w - 5*p - 11. Determine g(w).
-23
Let i(y) = 34 - 64 + 19 + 20 + y**2 - 15*y. What is i(10)?
-41
Let l(y) = -25*y**2 + 303. Let i(u) = -13*u**2 + 154. Let v(z) = -11*i(z) + 6*l(z). Let b(n) be the first derivative of v(n). Let t = 0 + 1. Determine b(t).
-14
Let o(v) = -6*v - 4. Let p be o(-1). Let x(s) be the first derivative of s**2 + 3 - 34 - 3*s**p + 12 - 7*s. Give x(-5).
13
Let i(n) = -5*n**2 - 193*n + 11. Let d(x) = 2*x**2 + 57*x - 4. Let h(g) = 7*d(g) + 2*i(g). Calculate h(-7).
99
Let r(c) = 3*c**3 - 3*c**2 - 4*c - 2. Let o be r(4). Let u(n) = -3 - 120*n + 4 + o*n. Let y be ((-2)/6)/((-3)/(-9)). Calculate u(y).
-5
Let z(n) = -19*n. Let x(h) = 91*h - 3. Let p(m) = -x(m) - 5*z(m). Give p(-9).
-33
Let r(g) = -g**2 - 10*g - 1. Suppose -z - 18068 = -18059. What is r(z)?
8
Let k = 35 + 3. Suppose 95*p - 546 = 81*p. Let o = k - p. Let q(a) = 5*a**2 + 2*a + 1. Calculate q(o).
4
Let d(y) = 5*y - 1. Suppose -12 = -4*a, 3*a + 284 = 5*j + 6*a. Suppose 0 = -11*t - 0*t + j. Suppose t*v - 7*v = 4. Give d(v).
-11
Let z(t) be the second derivative of -t**4/24 + t**3 + 177*t**2/2 - 194*t. Let x(r) be the first derivative of z(r). Let q = 11 - 7. Calculate x(q).
2
Let a(d) = -5*d - 40*d**2 + 0*d**2 + 10*d**2 + 29*d**2 - 5 + 8. Determine a(2).
-11
Let t(z) = -z**2 - z + 1. Let c(q) = 6*q**2 - 7*q + 26. Let d(a) = -c(a) - 5*t(a). Let u be d(3). Let n(v) = v**2 + 9*v + 3. Determine n(u).
-17
Let s be (-4)/(-3) + (10/(-15))/2. Let c(x) = 7*x**2 + 2*x - s - 10*x + 7*x - 2*x**2. Suppose 3 = q + 4. Give c(q).
5
Let o(q) = 12*q**2 - 6*q - 20. Let p be o(4). Let y(l) = 12*l**2 - 460*l - l**3 + 147*l + 154*l + p*l - 1. What is y(11)?
-1
Let n(v) = -v**3 - 2*v**2 + 3*v + 2. Suppose -24 = -16*k + 10*k. Suppose k*w = w - 3*o - 9, -3 = w + 3*o. What is n(w)?
2
Let c(w) be the first derivative of -2/3*w**3 + 1/12*w**4 + 1/20*w**5 - 21*w + 3/2*w**2 - 20. Let o(v) be the first derivative of c(v). Determine o(2).
7
Let u(q) be the first derivative of -4*q**2 + 4*q + 2587. What is u(9)?
-68
Let i(f) = -7*f**3 + 20*f**2 - 42*f + 16. Let c(v) = 4*v**3 - 10*v**2 + 27*v - 11. Let a(r) = -10*c(r) - 6*i(r). Determine a(11).
58
Let g(a) = -a**3 + 12*a**2 - 3*a - 40. Let b be g(12). Let i = -79 - b. Let h(q) = q**3 + 4*q**2 + q + 2. Give h(i).
8
Let x(s) = -s**2 - 13*s + 14. Let i be x(-14). Suppose -10*z + 39 + 11 = i. Let v(h) = 0 - z + 8 - 2*h. Calculate v(3).
-3
Let m(j) be the second derivative of j**5/20 - 41*j**4/12 + 2*j**3/3 - 159*j**2/2 - 453*j. Calculate m(41).
5
Suppose 23*b - 150 = -37*b - 15*b. Let u(c) = c**3 - 7*c + 3. What is u(b)?
-3
Let t(n) = -45*n + 108. Let k(d) = 55*d - 107. Let o(j) = 6*k(j) + 7*t(j). What is o(-8)?
-6
Let b(s) = -s**3 + 5*s**2 + 2*s + 26. Let l be b(6). Let v(r) = 2*r**3 - 16 - 2*r - r**3 - 21 + 36 + 4*r**l. Give v(-4).
7
Let m(c) = -3*c + 3. Let s(o) = 1 - 4*o - 6*o + 4*o + 5*o. Let i(x) = -m(x) + 4*s(x). Let w be (-7 - (-9 + 7/4))*24. Determine i(w).
-5
Let i be -7 + (-459)/(-63) + 26/7. Let a(j) = 2*j - i - j**2 + 3 + 72*j**3 - 95*j**3. What is a(1)?
-23
Suppose 0 = -6*d + 37 - 7. Suppose -d = -5*w - 3*i - 0, 4*w = 2*i + 26. Let o(k) = -k**2 + 2*k + 3. Determine o(w).
-5
Let c(a) be the third derivative of a**6/60 - a**5/3 - 7*a**4/8 - 9*a**3/2 + 3*a**2 - 199. Determine c(11).
-16
Let q be ((-42)/(-4))/((-24)/32) - -9. Let t(n) = 2*n**2 - 31*n - 214. Give t(q).
-9
Let n be 266/(-228) - (-10)/(-12). Let s be 874/228 + n*(-1)/12. Let t(a) be the second derivative of 2*a**3/3 - 5*a**2/2 - a. What is t(s)?
11
Let f = 0 + 6. Let y = 138 + -136. Let i(z) = -214 + 6*z + z**3 - 5*z**2 - 2*z**y + 212. What is i(f)?
-2
Let j = 1955 + -1963. Let w(x) = -x**2 - 13*x - 23. Give w(j).
17
Let d(z) = -6*z + 5. Let y(h) = 13*h - 9. Let b(o) = 9*d(o) + 4*y(o). Let i(s) = 18*s + 7. Suppose 18*t = 11*t. Let v be i(t). Determine b(v).
-5
Let g(w) = 4*w**2 + 4*w - 2. Let q be g(-2). Let l(u) = -u**3 - 41 + 7*u**2 - 6*u**2 + q*u - 3*u**2 - 2*u + 44. Determine l(-4).
19
Let i = 231 + -225. Suppose -4*j + u = -13, i*u = 4*u - 2. Let v(o) = o**3 - 2*o**2 - 5*o + 3. What is v(j)?
-3
Let v be (-12)/21*(-175)/10. Let h be v*(7 - (5 + 1)). Let z(j) = 5*j - 4. Let m(c) = -9*c + 9. Let b(y) = -4*m(y) - 7*z(y). Determine b(h).
2
Let x(f) = 2*f**2 + 7*f**2 - 15*f**2 + 28*f**3 - 27*f**3. Let z = 2493 + -2488. Calculate x(z).
-25
Let i(o) = 7*o + 4. Let n(g) = -6*g**2 - 52*g + 6. Let q be n(-9). Let y(b) = b**3 + 14*b**2 + 21*b - 33. Let v be y(q). Calculate i(v).
25
Let b(k) = k - 8. Let m be (80/(-120))/((-4)/30). Calculate b(m).
-3
Let u(y) = -2*y**3 - 12*y**2 - 5*y - 32. Let m be u(-6). Let f(r) = 2*r. Let p(q) = 4*q. Let n(d) = -5*f(d) + 2*p(d). Calculate n(m).
4
Let z be (-136)/14 - 2/7. Let f(a) be the third derivative of a**6/120 + a**5/6 - 11*a**3/6 - 64*a**2 - 25. Determine f(z).
-11
Let n(u) = -2*u**2 - u + 5. Let m be -1*(0 - (19 - 19)). Give n(m).
5
Let m(o) = 4*o + 2. Suppose -3*q - 2479 = q - r, 0 = r - 3. Let x = 614 + q. Determine m(x).
-18
Let r(z) = z**2 + 31*z + 128. Let g(b) = -26*b**2 + 235*b - 235. Let y be g(1). Determine r(y).
-2
Suppose 2 = -5*g + 3*c, -3*c = -4*g - 13 + 15. Let h(f) = -f**2 + 6*f + 3. What is h(g)?
-37
Let o(i) be the first derivative of 16 + 2*i**3 - i - 1/2*i**2. Let j be o(-1). Let w(z) = z**2 - 5*z - 8. Determine w(j).
-2
Suppose -3 = -o, 6*y - 2*y - 5*o = 45. Suppose 34 = y*n + 2*n. Let q(w) = w**3 - w**2 - w. What is q(n)?
2
Suppose 2 = 4*u -